- 109, b*p - 32 = -2*u. Suppose g - u = -g. What is the units digit of g?
3
Let m = 276 + 216. What is the tens digit of m?
9
Suppose 2*o + 24 = -o. Let u be (3/(-6))/(2/o). Suppose -u*r + 47 = -r - 5*l, 3*r = -4*l + 46. What is the units digit of r?
2
Let x(y) = -y**3 + 8*y**2 + y + 6. Let g be x(7). Let n be 24/(-15)*20/(-8). Suppose g + 6 = n*i. What is the tens digit of i?
1
Suppose 0 = -12*m + 6088 - 856. What is the tens digit of m?
3
Suppose -9*s = -8*s - 9. Suppose r = 3*j + 58, -r + s = -4*j - 48. What is the tens digit of r?
6
Suppose 5*g - 288 = -m, 2*m + 3*m - 72 = -g. Suppose -b + g = 2*b. What is the units digit of 0 + b + (-3 - -5)?
1
Let n = 13 - 7. What is the units digit of (-1260)/(-40)*16/n?
4
Let b be (45/20)/(6/40). Suppose b*s - 13*s - 250 = 0. Let c = s + -87. What is the units digit of c?
8
Suppose 3*m - 2518 = -3*d + 2084, 0 = -4*d + 16. What is the tens digit of m?
3
Suppose -s + 4*u + 111 = 0, -s - 3*s - 2*u = -444. Let n = s + 60. What is the hundreds digit of n?
1
Suppose 3*o - 2*y + 3*y = 70, 0 = -o + 4*y + 19. Let z = o - -10. What is the units digit of z?
3
Let o be 275/(-99) + 2/(-9) + 0. What is the units digit of (2 + o)*-2 + 10*11?
2
Let m(b) = 13*b**2 - 2*b + 4. Let w be m(3). Let n = 261 - w. What is the units digit of n?
6
Let z = 222 + -69. Let g = z + -95. What is the units digit of g?
8
Let i = 12305 + -5762. What is the tens digit of i?
4
Let b be (-30)/(-12) + 783/6. Let q = 261 - b. What is the hundreds digit of q?
1
Suppose 2*b - 6 = -0*b. Let z be (b + (-46)/14)*-14. What is the units digit of (6/(-9))/(z/(-228))?
8
Suppose 4 = -f + 3*f. Let s(x) = -2*x + 4. Let b(c) = 2*c - 5. Let l(q) = f*b(q) + 3*s(q). What is the units digit of l(-8)?
8
Suppose -b + 17 = o + 4, 0 = -3*o - 4*b + 39. Let h = o - 21. What is the units digit of 189/6 + (-4)/h?
2
Suppose -4*v + 4398 = 2*c + 3*c, -2*c = 2*v - 1758. What is the hundreds digit of c?
8
Let c(a) be the third derivative of -5*a**4/24 + 16*a**3/3 + 3*a**2. What is the hundreds digit of c(-15)?
1
Suppose 7*f - 13 = 5*f - 3*t, 2*f - 7 = -t. Let b be 2/(f/(4/1)). Suppose p - 3*q - 1 = 0, -b*p - 3*q + 4 = -q. What is the units digit of p?
1
Let j(n) = -39*n - 19. What is the units digit of j(-4)?
7
Let i be (-1)/(3/(-6 + 3)). Let q(o) = o**3 + o**2 + o - 1. Let h(f) = f**3 + 15*f**2 - 7*f - 16. Let g(s) = i*h(s) - 2*q(s). What is the tens digit of g(12)?
2
Suppose -3*g + 0 = -4*y + 3, -3*y - 3 = 3*g. Let s(x) = 338*x**2 + 2*x + 1. Let l be s(g). Suppose l = 5*z + 22. What is the tens digit of z?
6
Let j(v) = 15*v**2 - 2*v + 4. What is the units digit of j(6)?
2
Let f(i) = i**3 + 25*i**2 + 16*i + 12. What is the thousands digit of f(-16)?
2
Let i(s) = s**2 + 7*s + 15. Let f be i(-6). What is the units digit of f*(15/9 - -1)?
4
Suppose 0 = k - v + 173, -347 = 2*k - v - 2*v. Let f = k + 524. Suppose 0 = -b - 4, -5*j - b = b - f. What is the tens digit of j?
7
Suppose 4064 = -12*p + 16*p. What is the units digit of p?
6
Suppose -m - 17537 = -4*o, -7*o = -3*o - 5*m - 17557. What is the units digit of o?
3
Let g(i) = -2*i + 53. Let v = 7 + -2. Suppose 3*x = -v*a - 3 - 3, -a = 2*x + 4. What is the units digit of g(a)?
3
Let n = 35 - 20. Suppose b - 3*b = -4*k - 2, 4*b - n = -3*k. What is the units digit of b/(-1) + 1 + 10?
8
Suppose 5*q - 5*g - 27 = 23, 5*q + 3*g = 26. Let t(k) = -k**2 + 10*k - 13. Let p be t(q). Suppose 0*f = -f + p. What is the units digit of f?
8
Let d(m) = 17*m**3 + m - 4 - 3 + 1 + m. What is the tens digit of d(2)?
3
Suppose -2*a + 1296 = -194. Suppose -50 + a = 5*f. What is the hundreds digit of f?
1
Suppose -3*f = -2*r + f + 1502, -2*r - 2*f = -1478. What is the hundreds digit of r?
7
Let h = -8 - 68. Let l = 12 - h. What is the tens digit of l?
8
Let g be 1/(-1 - 0) + 3. Suppose -92 = -g*t - 2*t + 2*f, -t = 2*f - 13. What is the units digit of t?
1
Let y(n) = -n**2 + 17*n - 34. Let z be y(19). Let d = z + 74. What is the units digit of d?
2
Let p = 1957 + -1398. What is the hundreds digit of p?
5
What is the units digit of 1356 - ((-69)/(-36) + 7/84)?
4
Let b(c) = c**3 + 13*c**2 + 3*c + 13. Let f be b(-13). Let h = f - -71. What is the tens digit of -15*(-5)/(h/6)?
1
Suppose 4*k - 5*l - 263 = 41, 4*k - l = 320. What is the units digit of k?
1
Let n(f) = -f**3 - f**2 + 1. Let v(y) = 5*y**3 + 12*y**2 + 4*y - 2. Let u(t) = 6*n(t) + v(t). Let d be 2/7 - 40/(-7). What is the tens digit of u(d)?
2
Suppose 2*u - 3 = -3*k, -5 = 2*k - 6*k - 3*u. What is the hundreds digit of k + -4 + 459/3?
1
Let v be (-4)/(-14) + (-620)/(-35). Let l be (-12 - -10) + 20/2. What is the units digit of (8 - 4)*v/l?
9
Let k(a) = 4*a**3 + a**2. Let h be k(1). Suppose h*n = n. Suppose -g - 2*v + 25 = n, 0 = 5*v - 2 - 8. What is the units digit of g?
1
Let i = 124 + 483. What is the hundreds digit of i?
6
Let s(z) = 2 + 4 - 2 + 6 - 7*z. Let y be s(8). Let j = -19 - y. What is the units digit of j?
7
Let h(o) = 5*o + o**2 - 4 - 9*o + 6. Let a be h(4). Suppose 28 = -a*k + 6*k. What is the units digit of k?
7
Suppose -344 = 2*c - 1392. What is the hundreds digit of c?
5
What is the thousands digit of -12 + 7 + (-1178)/(3 + -4)?
1
Let h(f) be the second derivative of 2*f + 1/20*f**5 + 0*f**3 + 19/2*f**2 + 1/12*f**4 + 0. What is the tens digit of h(0)?
1
Suppose 12*h - 6398 = 2590. What is the units digit of h?
9
Let a = 1481 + -297. What is the thousands digit of a?
1
Suppose s - 71 + 6 = 0. Let i = 109 - s. What is the tens digit of i?
4
Let i = 5 - 3. Let b be ((-4)/(-3))/(i/6). What is the units digit of (272/(-4))/b*-1?
7
Let y(n) = 2*n + 2*n + 12 - 3*n + 15*n + 2*n**2. What is the tens digit of y(-8)?
1
Let m(k) = -k**3 - 13*k**2 + 12*k - 11. What is the hundreds digit of m(-15)?
2
Suppose 3*j = -5*i + 6807, 16 = -4*j + 8*j. What is the hundreds digit of i?
3
Suppose 17*u - 233 = 158. Suppose 3*f + u - 533 = 0. What is the units digit of f?
0
Let v = -146 - -80. Suppose -2*n - n - 3*m = 141, 3*n - 3*m = -141. Let w = n - v. What is the tens digit of w?
1
Let b = 13 + 5. Suppose 0 = -2*g + n + b + 33, -5*g + 3*n = -125. What is the tens digit of g?
2
Suppose -2*q + 2*g + 10 = -q, 3*g = -3*q - 6. Suppose -33 = -j + q*t + t, -51 = -2*j + 3*t. What is the units digit of j?
8
Let n = 670 + -670. Suppose -m + 29 = -14. Suppose n = -5*w - 2*s + m, -7*s + 2*s = 5. What is the units digit of w?
9
Suppose -2*o - 4*o + 198 = 0. What is the units digit of (-6)/o + 2604/44?
9
Let t(m) be the second derivative of m**4/4 - m**3/6 - m**2/2 - 2*m. Let l be t(-1). Suppose b - 5 - l = 0. What is the units digit of b?
8
Let v(i) = -i**3 + i**2 - 2*i - 2. Suppose -2*w - 17 + 1 = -3*s, 2*w + 4*s = -2. What is the hundreds digit of v(w)?
1
Suppose -32*s + 20 = -27*s. Suppose -118 = -s*o + 94. What is the units digit of o?
3
Let q(c) = c**3 - 3*c**2 + c - 2. Let j be q(3). Let s be 3 + (-2 + j - 102). What is the units digit of s/(-6) - (-7)/21?
7
Let x(i) = -2*i**3 - 10*i**2 - 4*i - 78. What is the tens digit of x(-9)?
0
Suppose 3*o - 25 = 4*s, 0*s + 27 = 5*o - 3*s. Let j be 13 - 7 - (0 + o). What is the tens digit of 153/12 + j/12?
1
Suppose -l = -3*w - 3*l + 104, 3*l = 5*w - 205. Suppose -5*c + 7 = -w. What is the units digit of c?
9
Suppose -2*d + 0 = -4. Let g(i) = i**3 + 3*i**3 + 4*i + d*i**2 - 3 - 4*i**2 - 5*i**3. What is the units digit of g(-4)?
3
Let r = 103 - 88. Let b(l) = -5*l - 10. Let p be b(-9). What is the tens digit of r/p + (-1072)/(-14)?
7
Let q(y) = 2*y**3 - 2*y**2 - 56*y - 25. What is the tens digit of q(10)?
1
What is the units digit of (-4 + 1)*(0 + 5201/(-21))?
3
Let k = 86 + 65. What is the hundreds digit of k?
1
Suppose 0 = -7*o + 2*o + 90. Suppose 0 = 4*q - o - 410. What is the units digit of q?
7
Suppose -h + 63 + 147 = 0. Suppose -4*o = 2 - h. What is the tens digit of o?
5
Let v(n) be the third derivative of 5*n**4/12 - n**2. What is the units digit of v(4)?
0
Suppose -4*r + 5*u + 41 = -24, -2*r + 4*u + 40 = 0. Suppose 2*m + h + 0*h = 13, -m + 14 = 2*h. Suppose -m*d + r = -46. What is the tens digit of d?
1
Suppose 3*d + 141 = 4*k + 523, -d = 4*k - 138. What is the units digit of d?
0
Let s(c) = -8*c**2 - 4*c + 16. Let w be s(4). Let a = 229 + w. What is the hundreds digit of a?
1
Let h(k) = 8*k - 7. Let i(p) = p. Let s(d) = 2*h(d) - 22*i(d). What is the tens 